
Let g(c) be the second derivative of -c**4/12 - c**3/6 + c**2 + 12*c. Let f(l) = -l - 5. Let x be f(-5). Let i be 0 + -2 + (x - -2). Determine g(i).
2
Let j be (-2)/(-4) + (-7)/(-2). Let d(v) be the first derivative of 3 + j*v**2 + v**3 - v**2 - 2*v**2 - 2*v - 2*v**2. What is d(2)?
6
Let k(p) = p**3 + 4*p**2 + 3*p + 1. Suppose 0 = 3*j - j + 8. What is k(j)?
-11
Let c(d) = d**3 - 4*d**2 + 4*d - 3. Let u be -1*(-3)/(-2 - -3). Let o be c(u). Let w(j) = 1 - 4 - j + o*j. Give w(0).
-3
Let m = -3 + 6. Let u(b) = m - 3 + 1 - 3*b**2 + 0*b**2. Calculate u(-2).
-11
Suppose -4*n = -8 - 0. Suppose 0 = -x + n*z - 2, -3*x + 2*z - 6*z = -14. Let m = 2 + x. Let c(u) = u**3 - 5*u**2 + 4*u - 2. What is c(m)?
-2
Let h(z) = -z**2 - 5*z. Let s(k) = 5*k**3 + k**2 + k + 1. Suppose 0*c - 2*c - 2 = 0. Let n be c*(0/(-2) + 1). Let b be s(n). What is h(b)?
4
Let n(l) = -7 - 5*l**3 + 4*l**3 + 2*l**2 + l - 7*l**2. Suppose 0*o = -3*p - o, 0 = 2*p + 3*o. Let g(z) = -z - 5. Let a be g(p). Calculate n(a).
-12
Let b(v) = -2*v - 6. Let m be b(-4). Let f be m + 3 + 1*-9. Let g(x) = 3*x + 5. Calculate g(f).
-7
Let i(c) = -2*c - 1 + 5*c - 5*c. What is i(3)?
-7
Let m(d) = -d**3 - 2*d**2 + 2*d - 1. Let r = -19 - -12. Let o = 5 + r. Determine m(o).
-5
Suppose 5*u - 30 = -0*u. Let r(t) = t + 2. Let n(c) = -c - 4. Let l(m) = -3*n(m) - 5*r(m). Calculate l(u).
-10
Let z = 5 - 12. Let y be 1 - 4 - (4 + z). Let p(w) = -9*w + 7*w**2 + 4*w + y*w**3 - w**3. What is p(6)?
6
Let g(p) be the third derivative of p**6/120 - p**5/10 + p**4/12 - 4*p**3/3 + 3*p**2. Let r(v) = -v**3 + 5*v**2 + 7*v. Let h be r(6). What is g(h)?
4
Suppose g + a = 5, 4*a - 5 - 5 = g. Let k(d) = g*d**2 - 3*d + 6*d + 6 - d**2 + 5*d. Determine k(-8).
6
Let l(c) = -c**3 + 5*c**2 - 5*c + 5. Suppose -26 + 2 = -6*t. Determine l(t).
1
Let w(a) = -a**3 - a**2 - 3*a - 2. Suppose -j + 1 = o - 2, 4*j - 2*o - 12 = 0. Suppose j*t + 135 = -0*t. Let v be (-10)/t - (-40)/(-18). Calculate w(v).
8
Let z(s) = s**2 - 4*s - 5. Let c(i) = -i**2 - 7*i - 8. Let w be 0 + -2 + -2 - 0. Let n be c(w). Give z(n).
-5
Let o be (1 - (-1)/(-5))*5. Let r(s) = -3*s**2 + 2*s + 1. Let n(f) = -7*f**2 + 3*f + 1. Let z(h) = -2*n(h) + 5*r(h). What is z(o)?
3
Let l(y) = 3*y**2 + 2*y + 1. Let z = -51 - -48. What is l(z)?
22
Suppose -97 + 1 = -16*y. Let b(h) = -5*h - 4. What is b(y)?
-34
Let j(k) be the third derivative of -k**5/60 - k**4/6 + 7*k**3/6 - 20*k**2. Calculate j(-6).
-5
Let h be (-2)/((6/(-9))/1). Let b(q) be the first derivative of q**2/2 + q + 10. Give b(h).
4
Let c(h) = -h**2 - 8*h - 4. Let q = 8 - 12. Let p(k) = -7*k - 3. Let m(z) = q*c(z) + 5*p(z). Let s(v) = -v**2 + v. Let i(b) = m(b) + 3*s(b). What is i(2)?
5
Let h(g) be the second derivative of -g**3/6 + 2*g**2 - g. Calculate h(7).
-3
Let t(f) = -f + 4. Let n be -10 + (-4)/(-4) + 4. Give t(n).
9
Let r(i) be the second derivative of -3*i**5/10 - i**4/12 + i. Suppose 9 = -u + 2*o - 0*o, 2*o - 12 = 4*u. Calculate r(u).
5
Let v be ((-3)/(-6))/(1/(-34)). Let l = 24 + v. Let j = 2 - l. Let y(s) = s**2 + 3*s - 6. What is y(j)?
4
Let m(r) = -3 + 2*r + r + 15*r**2 - 6*r**2 - 7*r**2. Let q be (-1 + 2)/((-2)/6). What is m(q)?
6
Suppose -2 - 22 = -4*k. Let u(g) = 2 - 7*g + 5 + k*g. Determine u(6).
1
Let d(v) be the second derivative of -v**4/12 + 5*v**3/6 - 5*v**2/2 + 3*v. Calculate d(4).
-1
Let h be (-3 - -7)/((-1)/1). Let t(j) = -j**2 - 4*j. Calculate t(h).
0
Let p(d) be the third derivative of d**6/120 + d**4/24 + d**3/3 + 6*d**2. Suppose 2*a = -0*a. Calculate p(a).
2
Let w(s) = -s + 5. Let x be w(2). Let n(g) = -g**2 + 3. Give n(x).
-6
Let v(f) be the second derivative of 0 - 1/2*f**3 - 3*f + 2*f**2. Determine v(4).
-8
Let w = 131/411 + 2/137. Let k(v) be the third derivative of 1/12*v**4 + v**2 + 0*v + w*v**3 + 0. Give k(-2).
-2
Let r(l) = -3*l - 5. Let i(m) = -2*m - 3. Let t(u) = 5*i(u) - 3*r(u). Calculate t(-6).
6
Suppose 2*b - l - 14 = 0, -2*l = 3*b - 2*b + 3. Let g(u) be the second derivative of -u**5/20 + 5*u**4/12 - u**3/3 + 5*u**2/2 - 30*u. Determine g(b).
-5
Let n(z) = 12*z - 10. Let y(l) = -2*l - 1. Let s(d) = -d - 1. Let p(r) = 3*s(r) - 2*y(r). Let m(a) = -6*n(a) + 60*p(a). Calculate m(1).
-12
Let l(o) be the first derivative of -o**2/2 + 3. Let p = 20 - 25. Determine l(p).
5
Let z(k) = k**2 + k + 8. Let s = -65 + 65. What is z(s)?
8
Let a(m) be the second derivative of m**5/20 - m**4/3 - m**3/6 + m**2 - 15*m. Determine a(4).
-2
Let o(k) = -k**2 + 5*k + 3. Let q(f) be the first derivative of 2*f**3/3 - f**2 - f + 2. Let w = -7 + 9. Let x be q(w). Give o(x).
9
Let l(d) = -2*d**2 - 7*d - 6. Let z = -76 + 71. Calculate l(z).
-21
Let h be (-68)/(-7) - 3 - (-2)/7. Let v(m) = 5*m - 9. Give v(h).
26
Let s(n) = n**3 + 2*n**2 - n - 1. Let u be -4*3*1/3. Let m be 0 + u + 1 + 30. Let x be (-20)/6 - (-9)/m. Give s(x).
-7
Suppose -132*b = -129*b + 3. Let f(k) = -10*k**2 + 2*k + 1. Give f(b).
-11
Let w(y) = y**3 - 2*y**2. Let s = -9 + 11. Suppose i + s = 2*i. What is w(i)?
0
Let l(j) = -j**2 - 3*j + 28. Let w be l(-7). Let k(x) = x**2 - x - 9. Calculate k(w).
-9
Let h(y) = -2*y + 5. Let x(z) = -3*z + 26. Let d(n) = -n + 9. Let q(b) = 11*d(b) - 4*x(b). Let j(g) = 2*h(g) + 3*q(g). Give j(-4).
-1
Let z(t) = t + 2. Let a be ((-1)/2)/((-12)/48). Give z(a).
4
Suppose 4*v + r = 17, 14 = 6*v - 3*v + r. Let u(s) = -2*s + v - 2*s + 2*s**2 + s**2 - 4*s**2. Calculate u(-4).
3
Let i(z) = z**2 - 5*z + 4. Let m be i(3). Let h(k) be the third derivative of k**4/12 + k**3/6 + 2*k**2. What is h(m)?
-3
Suppose -32 = -4*w - 12. Let p(x) = 5*x**3 + 6*x**2 - 13*x - 4. Let l(o) = -o**3 + o + 1. Let m(g) = -6*l(g) - p(g). Give m(w).
8
Let b(y) = -2*y - 5. Suppose -60 = f + 3*f. Let q = 9 + f. What is b(q)?
7
Let j(v) = v**2 - 4*v. Let i be j(4). Suppose -r + 5*r - 8 = i. Let h(u) = -r*u**2 + 4*u**2 - 3*u**2 - u + 1 - u**3 - 3*u**3. Calculate h(1).
-5
Let n(p) = -1 - 2*p**2 + 0 - 1 - p**3 - 2*p**2 - 4*p. Suppose 3*i + 2*z + 3 = -z, i - 2 = -4*z. Determine n(i).
-2
Let a(g) = 11*g - 1. Suppose -2*v + 6 = 4*v. Give a(v).
10
Let c(w) be the second derivative of -w**4/12 + 4*w**3/3 - 5*w**2/2 - 5*w. Calculate c(6).
7
Let u(j) = j**3 - 3*j**2 - 3*j + 2. Let c be 203/21 - (-2)/6. Let l(x) = x**2 + 6*x + 7. Let v be l(-6). Let n = c - v. Give u(n).
-7
Let h(p) = -p**2 - 5*p - 2. Let t(r) = -4*r. Let x be t(1). Suppose -w + 4 = -2*m + 3, -2 = 2*m. Let z = x - w. What is h(z)?
4
Let x = 22 - 18. Let n(s) be the first derivative of 2 - 2*s**2 + 1/4*s**x - 2*s + 4/3*s**3. Give n(-5).
-7
Let f(v) be the first derivative of -2 + v**2 + 1 + 1 - v + 1. What is f(2)?
3
Let k(d) = -d + 9. Let c(v) = -v**3 + 9*v**2 - 5*v + 2. Let h be c(8). Let p = h - 19. Give k(p).
2
Let j(i) = -2*i**2 + 4*i - 2. Let a be (-7)/21 + 7/3. Let t = 4 + -1. Suppose -a*z = -t*z + 2. Give j(z).
-2
Let g = -18 - -13. Let m(o) = -o**3 - 4*o**2 + 4*o - 3. Let v be m(-5). Let u(i) = 3*i**2 + 3*i**2 - 4*i + 7 - 5*i**v + 10*i. Calculate u(g).
2
Let s(x) be the first derivative of -x**3/3 + x**2 - 2*x - 1. Let f be s(3). Let c = f - -2. Let v(g) = g - 1. Give v(c).
-4
Let k(z) = -z + 4. Suppose 6*w - 19 - 11 = 0. Calculate k(w).
-1
Suppose 5*j - w = 13, -1 + 8 = 3*j - w. Let v be (-9)/6*(-10)/j. Let f(m) be the third derivative of -m**5/60 + m**4/4 + m**3/3 + m**2. Calculate f(v).
7
Let n(v) = -v**2 + 6*v - 13. Let o be n(4). Let z(u) = -5 + 0*u - u - 2 + 5*u**2 + u**3. Determine z(o).
-2
Let t(p) be the third derivative of -p**6/120 + p**5/15 + p**4/24 + 5*p**3/6 - 8*p**2. Give t(4).
9
Let t(z) = -7*z**3 - 4*z + 1. Let x(s) = -14*s**3 + s**2 - 9*s + 3. Let m(j) = 5*t(j) - 2*x(j). Let y = 1 + 2. Suppose 3 = -y*g - 0*g. Determine m(g).
6
Let l(h) = h**2 - 6*h - 4. Let s be l(6). Let d(v) = -2*v - 8. Let k(n) = -3*n - 17. Let m(j) = -5*d(j) + 2*k(j). Give m(s).
-10
Let j(y) = -5*y + 5. Let p(z) = 9*z - 9. Let t(c) = 7*j(c) + 4*p(c). Suppose -13 = g + 4*k, -2*g - 2*k - 24 = 2*g. Determine t(g).
-6
Let q(b) = -b - 9. Suppose -2*f = 4*m + 10, 8*f = 5*m + 3*f - 25. Let c be 2/(-3) + 16/6. Let x be m*c*1/(-2). What is q(x)?
-9
Let u(n) be the third derivative of n**5/60 + n**4/6 - 5*n**3/6 + n**2. Suppose o = 5*o + 20. What is u(o)?
0
Let c(t) be the first derivative of t**4/4 + 4*t**3/3 - 5*t**2/2 - 6*t - 1. Suppose -6 = 2*b + 4*a, 22 = -5*b + 8*a - 11*a. Calculate c(b).
-6
Su